1 - 82521. List the prime factors of n.
2, 5, 7, 101
Suppose -54759 = -4*g + 5*v + 55979, -g - 2*v = -27691. What are the prime factors of g?
3, 11, 839
List the prime factors of 128082/20 - (-103)/(-1030).
2, 1601
Let h(g) = 43*g - 4. Let z be h(-22). Let a = z - -1706. Suppose 12*w - 72 - a = 0. What are the prime factors of w?
3, 23
Let c(r) = 4010*r**2 - 79*r + 250. What are the prime factors of c(3)?
79, 457
Let m(k) = 4*k**2 - 142*k + 2621. What are the prime factors of m(90)?
23, 967
Let t(j) = j. Let p be t(3). Suppose g = 2*q - 120, 7*g - 6*g + 181 = 3*q. Suppose q - 226 = -p*v. List the prime factors of v.
5, 11
Let i be 1/3*(-22 - -22). What are the prime factors of ((-106)/1 + i)/((-3)/30)?
2, 5, 53
Suppose 6*t - 36 = -12. Suppose -2*q = 3*k - 7*k - 422, t*k - 241 = -q. List the prime factors of q.
13, 17
Suppose -4*f + 3*x = -5*f + 18, 0 = -4*f - 3*x + 45. List the prime factors of (4 - (-1263)/f - -2)*3.
439
Let h(v) = 599*v**3 - 3*v**2 + 2*v - 1. Let o be h(1). Suppose 3*j - 5*g = o + 1236, -2*j + 2*g + 1222 = 0. What are the prime factors of j?
13, 47
Let b(q) = -7*q + 34. Let i be b(4). Suppose -5 - 25 = -i*m. What are the prime factors of m?
5
Suppose 0 = -5*p + 4*g + 87039, 95159 = 4*p - 5*g + 25526. What are the prime factors of p?
13, 103
Suppose -3*z = 3*u - 2*u - 166, 0 = -3*z - 2*u + 170. Let d = z + -45. Suppose 0 = 4*r - d*r + 10. List the prime factors of r.
2
Let h(a) be the third derivative of a**5/60 + a**4/6 - 3*a**3/2 + 149*a**2. Let q = -5 + 9. What are the prime factors of h(q)?
23
Suppose 3*t + 32000 = 4*y, -161*t + 16000 = 2*y - 160*t. What are the prime factors of y?
2, 5
Let a = -6943 + 11002. What are the prime factors of a?
3, 11, 41
Suppose -5*q = 6*q - 11561. Suppose -q - 326 = -9*t. List the prime factors of t.
3, 17
What are the prime factors of (-270)/(-1215) + 4*376162/36?
2, 3, 43
Let i = 161 - 159. Suppose -3*p + 999 = 5*z, -6*z = -i*p - 7*z + 666. What are the prime factors of p?
3, 37
Let p(a) = 35*a + 1. Let t = 37 - 19. Let u = t + -16. What are the prime factors of p(u)?
71
What are the prime factors of (99/(-165) - (-29933)/5) + 2?
2, 3, 499
Let o = -55 + 64. Suppose -14*y + o*y = -50. Suppose 3*m + i - 211 - y = 0, 350 = 5*m - 2*i. List the prime factors of m.
2, 3
Suppose 1633996 = 8535*z - 8468*z. List the prime factors of z.
2, 7, 13, 67
Let k be ((-180)/(-48))/((-30)/(-1008)). Let i = 174 - 53. Suppose -k*p + i*p + 570 = 0. List the prime factors of p.
2, 3, 19
Let g = 192 + -455. Let w = -483 - g. Let t = 475 + w. List the prime factors of t.
3, 5, 17
What are the prime factors of 137/(20/(-63) - (-9 - -8)/3)?
3, 7, 137
Let a(j) = 31*j**2 + 39*j - 6. Let c be a(-15). Suppose c = 12*y - 12324. List the prime factors of y.
1559
Suppose -691*u + 683*u = -37704. What are the prime factors of u?
3, 1571
Let j(r) be the second derivative of 7*r**4/12 + r**3 + 11*r**2 + 19*r - 1. What are the prime factors of j(-6)?
2, 7, 17
Let n(p) = -p**3 + 17*p**2 - 12*p + 24. Let u be n(16). Let h(k) = -u - 4*k**2 + 89 + 24*k**2 - k. What are the prime factors of h(1)?
2, 5
Suppose 2069 = 17*f - 28344. List the prime factors of f.
1789
Let s(v) be the second derivative of 55*v**3/6 - 37*v**2/2 - 3*v - 17. List the prime factors of s(7).
2, 3, 29
Suppose 260*q - 2*y - 83606 = 258*q, -5*q + y = -209031. List the prime factors of q.
97, 431
Suppose 2 = -2*f, -2*f + 3*f = -c + 3. Let w(g) = -7*g + 34. Let i be w(-9). Suppose -c*o = 3*m - i, -171 = -5*m - 5*o + 3*o. What are the prime factors of m?
5, 7
Let h(t) = -t**3 - 22*t**2 - 31*t + 6. Let i be h(-13). Let p = -764 - i. What are the prime factors of p?
2, 3, 29
Suppose 206*n + 72 = 218*n. What are the prime factors of ((6592/n)/(-4))/((-28)/42)?
2, 103
Let p be (10/15)/(2/19323). Suppose -p = -10*n - 1821. List the prime factors of n.
2, 3, 7, 11
Let a(z) = -183*z + 1326. What are the prime factors of a(-39)?
3, 7, 13, 31
Let i(k) = 12*k**3 + 2*k**2 - 9*k + 3. Let j be i(4). Suppose 47*w = 48*w - j. What are the prime factors of w?
13, 59
Let h(a) = a**2 + 5*a + 2. Let i be h(-9). Suppose 2*j = q - 0*j - i, -3*q - j = -79. What are the prime factors of (-8)/q - (1614/(-14) + 0)?
5, 23
Let l(f) = -73*f - 106. Let m be l(-18). Let i = 1831 - m. What are the prime factors of i?
7, 89
Let a(q) = 12 + 33*q + 26*q + 34*q - 112*q. List the prime factors of a(-25).
487
Let d be 9 + 124/10 - (-3)/5. Suppose d*o - 924 = 20*o. List the prime factors of o.
2, 3, 7, 11
Suppose -2*i = -7*i - t + 465, -5*i + 3*t = -485. Suppose 5*r + 290 = g + i, -g + 2*r + 196 = 0. What are the prime factors of g?
2, 7
Let k(o) = o**2 + 39*o + 5590. What are the prime factors of k(0)?
2, 5, 13, 43
Let c = -25337 + 26699. What are the prime factors of c?
2, 3, 227
Let h = 24 - 21. Let r be 55*-1*-3*h/3. Let j = r + -114. List the prime factors of j.
3, 17
Let w = -4856 + 2619. Let p = -1208 - w. What are the prime factors of p?
3, 7
Let t = -41 + 45. Suppose -2*h - 2*h + 4*u + 24 = 0, 0 = u + t. Suppose -310 = -5*y - 5*w, -h*w = -w - 3. What are the prime factors of y?
59
Suppose 0 = -2*x - 4*m + 2, -3*m - 18 + 3 = -4*x. Suppose 330*q - 315*q = 180. Suppose 0*f - q = -x*f, -3*f + 118 = 2*k. What are the prime factors of k?
53
Suppose 973 + 1512 = -7*q. Let i = q - -749. Let s = i + -259. List the prime factors of s.
3, 5
Let n(x) = -412*x - 101. List the prime factors of n(-14).
3, 1889
Let s(n) be the first derivative of -12*n**2 - 12*n - 42. List the prime factors of s(-31).
2, 3, 61
Suppose -30 = 22*w + 7*w - 88. Let s be (-106)/4*(1 + -3). What are the prime factors of s*(-4 + w - -3)?
53
Let d = 400 + -396. Suppose -3*y - 2*a = -2341, 3176 - 843 = 3*y + d*a. List the prime factors of y.
3, 29
Suppose -99*s = -97*s. Suppose r - 4*v = -s*v + 349, -8 = 2*v. List the prime factors of r.
3, 37
Suppose r = 4*k - 3, 0 = 5*k + 3*r + 2*r - 35. What are the prime factors of 0/k + -4 - -183?
179
Suppose 109*w = 86*w + 1753152. What are the prime factors of w?
2, 3, 397
Let n be 2/5 - (-18798)/(-195). Let w = n - -261. List the prime factors of w.
3, 5, 11
Let k = -166 - -57. Let r = k - -35. Let p = r - -272. What are the prime factors of p?
2, 3, 11
Let l be 1161/43*4/18. Suppose -l*m + 9*m - 1764 = 0. What are the prime factors of m?
2, 3, 7
Let b(j) = j + 2. Let h be b(2). List the prime factors of 4/(-48)*-4413 - 3/h.
367
Let n(b) = -b**2 + 22*b - 17. Let c be n(21). Let x be ((-1398)/c)/(115/20 + -5). Let d = x + 663. What are the prime factors of d?
197
Let i be (-1 - 0)/((-22)/(-44)). Let x be (9/36)/(1/i)*-150. What are the prime factors of 2*(-2)/(-6)*x/10?
5
Let r = 22160 + -3903. Suppose 0 = -21*i + r - 5699. List the prime factors of i.
2, 13, 23
Let i(g) be the second derivative of 7*g**3/6 + 3*g**2/2 - 4*g. Let f be i(-1). Let n = f + 63. List the prime factors of n.
59
Let v(h) be the second derivative of 77*h**4/2 + h**3/6 + h**2/2 + 10*h. Let n be v(1). Let x = n - 306. What are the prime factors of x?
2, 79
Let x(a) = 1089*a - 2764. What are the prime factors of x(6)?
2, 5, 13, 29
List the prime factors of -1 - ((-150365)/15 - -4 - 11/(-33)).
43, 233
Let q(t) = 560*t**3 + 7*t**2 - 3*t. What are the prime factors of q(3)?
2, 3, 281
Let c(q) = q**2 - 4*q - 13. Let w be c(9). Let v(j) = -5*j + 260. Let x be v(45). Let m = x + w. List the prime factors of m.
67
Let h be -7 + 21924/(-15) - (-9)/15. What are the prime factors of 1/(-3 - -2 - h/1466)?
733
Let d = -41 + 43. Let m(g) = 7*g - 2*g**d + 2*g**3 - 13*g + 3*g + 2. What are the prime factors of m(4)?
2, 43
Suppose 7*i = 6*i + 5. Suppose -4*p + 17 - i = 0. Suppose -p*r - x = -205, -62 = -5*r + 5*x + 273. What are the prime factors of r?
2, 17
Let o(h) = 257*h**2 + 63*h + 521. What are the prime factors of o(-13)?
5, 8627
Let u = -1903 + 1839. Let g = 2 - -14. List the prime factors of u*2*(-4)/g.
2
Suppose 0*z - 3*z = -15. Let n(o) = 217*o - 2866. Let b be n(13). What are the prime factors of z*(-6)/b*(-501)/(-2)?
167
Let f(u) = 93*u**2 - 30*u - 105. What are the prime factors of f(-4)?
3, 167
Let a = 130 + 38. Let k = a - 90. What are the prime factors of k?
2, 3, 13
Let i(n) = -5*n**2 - 8*n + 6. Let u(o) = 4*o**2 + 8*o - 5. Let d(s) = 2*i(s) + 3*u(s). List the prime factors of d(-10).
3, 13
Let m = 23577 + -7478. W